 = -25, -i - 3*j + 7*j + 11 = 0. Let t = i + -2. What is the units digit of t?
1
Suppose 8 = -3*f + 2. Let s(q) = 6*q. Let o be s(1). What is the units digit of (f/o)/(1/(-18))?
6
Suppose 35 = 5*j - 0*j. Let b = j + -4. Suppose 0*g + b*g = -3*h, -3*g + h = -4. What is the units digit of g?
1
Let a = -4 + 6. Suppose a*t + 3*t = 50. What is the units digit of t/2*2/1?
0
Suppose -5*k = -15 + 5. Let z be k/4 + (-11)/(-2). Suppose -g + 6 = m - z, 5*g - 49 = -4*m. What is the tens digit of m?
1
Suppose 3*q + 3*z - 5*z - 47 = 0, -5*q + 5*z = -75. What is the units digit of q?
7
Suppose 0 = 4*d + d. Let r(s) = d*s**2 + 3*s + 2 + 3*s + 2*s**2 + 2. What is the units digit of r(-4)?
2
What is the units digit of -1 - (-5 + 1 - -1)?
2
What is the units digit of 27/(-4*2/(-8))?
7
Let s be (-4)/(-6) + (-4)/(-3). Suppose 2*t + 16 = 3*b - 0*t, -s*b + t + 9 = 0. Suppose d = -b*d + 36. What is the tens digit of d?
1
Let z = -4 + 43. What is the tens digit of z?
3
Suppose x = -2, -69 = -h - 0*x + 4*x. Suppose -2*r = -5*w - 3*r + 101, -3*w = r - h. What is the tens digit of w?
2
Let t = 444 + -148. What is the tens digit of t?
9
Let c = 109 + -65. What is the units digit of c?
4
Let v = 7 + 13. Suppose r + v = -s, 3*s = -2*r - 21 - 21. What is the tens digit of (-346)/r + 6/(-27)?
1
Let b = -50 - -103. What is the units digit of b?
3
Suppose 9*s = 12*s - 264. What is the units digit of s?
8
Suppose 0 = 5*v - 30 + 170. Let r = v - -48. Suppose -3*x - r = -4*m, x + 5 + 15 = 4*m. What is the units digit of m?
5
What is the units digit of 15*(-2)/(-6)*5?
5
Let a be (0 + -1)*(0 + 3). Let j = a - -8. Suppose -5*g + j + 0 = q, q - 4 = -4*g. What is the units digit of g?
1
Let y(d) = 2*d**2 + 4*d + 25. What is the units digit of y(-3)?
1
Suppose 4*t = -0*t. Suppose -3*f + t*f = 81. Let k = -12 - f. What is the units digit of k?
5
Suppose 83 = -i - 5*z + 302, -4*z + 1179 = 5*i. What is the units digit of i?
9
Let z(l) = -7*l**3 - 2*l - 1. What is the units digit of z(-1)?
8
What is the units digit of ((-8)/4 + 7)/1?
5
Suppose 2*t = 32 + 22. What is the units digit of t?
7
Let z(o) = 2*o**2 - 10*o + 7. What is the hundreds digit of z(12)?
1
Suppose b + i = -3*b + 515, -3*i + 265 = 2*b. What is the units digit of b?
8
Let f be 2 + -1 + (3 - 1). Suppose -f = 2*l - 25. What is the units digit of l?
1
Let k(j) = j**3 - 4*j**2 + j + 5. Let p be k(4). Let g = p - 0. What is the units digit of g?
9
Suppose -q + 44 = 3*z, 0*z = -2*z - 2*q + 24. Suppose -5*g - z = -6*g. What is the tens digit of g?
1
Let h be (1 + -1)*1/(-2). Suppose h = 2*a + 3*i - 14, -2*i - i = -2*a + 2. Suppose 6 = a*s - 3*s. What is the units digit of s?
6
Suppose 3*r = 188 + 187. Let g be (r + -1)*1/2. Suppose -4*m - 18 = -g. What is the tens digit of m?
1
Let n(g) = -3*g**2 - g + 1. Let c be n(1). Let p(w) = -w**2 - 5*w - 2. What is the units digit of p(c)?
4
Suppose -15*n + 13*n + 18 = 0. What is the units digit of n?
9
Let y = -147 - -260. What is the tens digit of y?
1
Let o(s) = s**3 + 4*s**2 + 2*s + 5. Let p be o(-4). Let f be (-5)/p + (-2)/3. What is the units digit of (-22)/(-4) - f/(-2)?
6
What is the hundreds digit of ((-105)/4)/(-4 - 15/(-4))?
1
Let n(o) = 2*o**3 - 3*o**2 - 2*o - 10. Let c(f) = -3*f**3 + 4*f**2 + 3*f + 10. Let u(w) = -3*c(w) - 4*n(w). Let y = 2 - 2. What is the tens digit of u(y)?
1
Let r = 9 + -15. Let m(c) = -6*c - 3. What is the tens digit of m(r)?
3
Suppose a = 1 + 2. Let f be -4 + a - 2 - -5. Suppose -2*o = 2*x + 2*o - 22, f*o = -2*x + 16. What is the units digit of x?
5
Let h(n) = 158*n + 4. What is the tens digit of h(1)?
6
Let r be -2 + (2 + 0)*1. What is the units digit of 9/(3 - 0) + r?
3
Let m = 18 - 16. Suppose -3*d = m*y - 30, -5*d + 36 = -4*y - 14. What is the tens digit of d?
1
Let o be ((-24)/9)/4*24. Let y be (6/(-8))/(2/o). Suppose -2*s + 4 = 4*c - 14, 0 = -3*s + 5*c - y. What is the units digit of s?
3
Let t(v) = -v**2 - 5*v + 4. Let m be (-6)/1 - 3/(-3). What is the units digit of t(m)?
4
Suppose -4*w + 5*w = 19. Suppose 5*t - 2*j - 58 = 0, 4*t = -3*j + 9 + w. What is the tens digit of t?
1
Let m(n) = -84*n - 5. What is the tens digit of m(-2)?
6
Suppose 0 = -b + 2*y + 78, 355 = 4*b + b - 3*y. What is the units digit of b?
8
Let o(r) = 2*r**2. Let h be o(3). Suppose -2*t - 4*j = -h, 3*j = -5*t + 32 + 13. Let a = t - 2. What is the units digit of a?
7
Let y(o) = -o + 2. Let g be y(-3). Suppose -g + 33 = 4*r. Suppose 3*k + 36 = r*k. What is the units digit of k?
9
Suppose -q - 68 = -2*q - 4*m, -3*m - 253 = -4*q. Suppose 5*o - q = 101. What is the tens digit of o?
3
Let t(o) = -o**2 + 16*o + 31. What is the units digit of t(14)?
9
Let x(y) = 6*y + 20. Let f(b) = -b - 4. Let n(v) = 11*f(v) + 2*x(v). What is the units digit of n(6)?
2
Let o = 7 - 4. Suppose -o*h + h = -30. Suppose -c - 4*a = -h, 0 = -4*a - a + 10. What is the units digit of c?
7
Suppose 13*g - 8*g = 15. Suppose -40 = -g*s - 2*s. What is the units digit of s?
8
Let m(c) = -c**2 - 3*c**2 + 3*c**2 + 4*c - 3. Let j be m(3). Suppose j*a + 5 = a. What is the units digit of a?
5
Suppose -3*n - 10 - 11 = -3*a, -5*a + n + 43 = 0. What is the units digit of a?
9
Let j be -20*(-1 + -2 + 2). Suppose -y - 9 = -4*y. Suppose -c + j = y*c. What is the units digit of c?
5
Suppose -2*b = 3*b - 290. What is the units digit of b?
8
Let f(v) = -6*v**3 + 13*v**2 - 5*v - 8. Let t(q) = 14*q**2 - 10 - 1 - 5*q - 7*q**3 + 2. Let z(h) = 6*f(h) - 5*t(h). What is the units digit of z(7)?
1
Suppose -2*l + 113 = -219. What is the hundreds digit of l?
1
Let c be (4/(-3))/(2/12). Let a = 147 + -237. What is the units digit of a/c + 2/(-8)?
1
Let t = -14 - -54. Suppose 4*p = -5*q + q + 8, -5*q = -p - t. What is the units digit of q?
7
Let s(r) = 2*r**2 - 6*r - 34. What is the units digit of s(11)?
2
Suppose 3*t = 21 - 3. Suppose -4*a = -t*a + 10. Let i = a - 3. What is the units digit of i?
2
Let v(n) = 2*n - 8. Let l be v(8). Let m = l - 2. Suppose -m - 4 = -5*r. What is the units digit of r?
2
Suppose 45 = 5*r - 5*z, -1 = 5*z + 19. Suppose -r*m + 169 = 4*x, 5*x - 60 = -4*m + 68. What is the tens digit of m?
3
Let d = -2 - -5. Suppose 8 = d*o - o. What is the units digit of o?
4
Let s be 3/12 + (-3)/(-4). Let n be 19/(s - (4 - 2)). Let j = n + 31. What is the tens digit of j?
1
Let k = 0 - -53. What is the tens digit of k?
5
Suppose -3*w = -5*h + 69 - 8, 0 = -3*w + 3*h - 63. Let b be (-25 + -1)*(-4)/(-8). Let z = b - w. What is the units digit of z?
9
Suppose -33 = 3*m + 114. Let l = -6 - m. What is the units digit of l?
3
Let x be -8 - 1/(-2)*0. Let r(l) = l + 11. Let u(o) = -2*o - 23. Let h(q) = -13*r(q) - 6*u(q). What is the units digit of h(x)?
3
Let p(b) = b**2 - 5*b + 12. What is the units digit of p(-6)?
8
Let f = -1 + 3. Suppose 66 = 4*q + 5*l, l + 0*l + f = 0. What is the tens digit of q?
1
Suppose -1 = -2*y + y. Suppose -k + y = 12. Let i = 18 + k. What is the units digit of i?
7
Let l(g) = -g**2 - 6. Let d be l(0). What is the tens digit of d/(-33) - 1180/(-44)?
2
Suppose 5*y - 121 - 19 = 0. What is the tens digit of y?
2
Let o(q) = q + 6*q**3 - 4*q**3 - 3*q**3 - 1 + 3*q**2. Let r be o(3). What is the units digit of 3 - r - (-10)/1?
1
Suppose 5*n - 336 = -2*n. What is the units digit of n?
8
Let w = -5 - -39. What is the units digit of w?
4
Suppose -3*b = -4*u - 110, 4*b + b + 4*u - 162 = 0. Let n be b/6 - (-8)/(-12). Suppose k + 19 = -0*g + 4*g, -4*g + 15 = -n*k. What is the units digit of k?
1
Suppose -5*f = 4*c - 35, -7*c - 2*f + 21 = -4*c. Suppose 0*t = c*t - 55. What is the units digit of t?
1
Suppose 4 = 3*l - 8. Let t = 14 + l. What is the units digit of t?
8
Let h(d) = 13*d**2 + 1. Let a be (2/3)/((-4)/6). What is the units digit of h(a)?
4
Let b(v) = v**3 - 5*v**2 - 8*v + 2. Let l be b(6). Let p(m) be the second derivative of m**5/20 + 5*m**4/6 + 11*m**2/2 - m. What is the tens digit of p(l)?
1
Let v = 90 + 188. What is the hundreds digit of v?
2
Suppose 3*b + 4*n - 6 = 0, 4*b + 5*n = 7 + 2. Suppose 3*p + d - b*d = 19, p = -5*d + 13. What is the units digit of p?
8
Let t = -7 + 8. Let g be 1 + (-39)/3*t. Let x = g + 25. What is the units digit of x?
3
Let k(f) be the first derivative of f**5/60 - f**4/8 - f**3/2 + f**2 + 3. Let m(j) be the second derivative of k(j). What is the units digit of m(4)?
1
Suppose 1